)). Let k = -51 - -80. Calculate the greatest common divisor of k and s.
29
Let l be 14 + 6/(-9)*3. Suppose 0 = 15*g - 19*g + l. What is the greatest common divisor of 9 and g?
3
Suppose -377*q + 12920 = -282*q. Let w(b) = b**3 - 3*b**2 + b + 4. Let c be w(5). Let h = c + -42. Calculate the greatest common divisor of q and h.
17
Let g be ((-15)/(-10))/(2/4). Suppose 27 + 105 = g*u. Suppose -n - 31 = -5*i + 25, 3*n - 52 = -5*i. Calculate the greatest common factor of i and u.
11
Suppose 3*w = -3 - 0. Let a = w + 3. Let n be 89/a - 5/(-10). Calculate the greatest common divisor of 30 and n.
15
Suppose -190 = -52*b + 33*b. What is the highest common factor of 85 and b?
5
Let f(k) = -3*k - 1. Let l be f(-1). Suppose -s - l*s = -15. Suppose -s*c = -92 - 118. What is the greatest common divisor of c and 14?
14
Let g = 93 + -84. Let w be 15/(-25)*(-3)/g*5. Suppose -21 - 19 = -5*h. What is the highest common factor of h and w?
1
Let g be 2692/48 + 1/(-12). Calculate the highest common divisor of g and 280.
56
Suppose -75 = 9*c - 14*c. Let j be 12/5 + (-6)/15. Suppose j*q - 3 = q. What is the greatest common divisor of q and c?
3
Suppose 5*r = -15, -16 = -v + r + r. Suppose c = -6*c + 2450. Suppose 2*t = 7*t - c. Calculate the highest common divisor of v and t.
10
Let b = -2 - -8. Let f be ((-8)/b)/((-20)/45). Calculate the greatest common factor of f and 15.
3
Suppose -o = 3*y - 184, 2*y + 4*o = o + 111. Calculate the highest common factor of y and 1071.
63
Suppose 0 = 5*t + 4*l - 268, 134 = 2*t - l + 19. Let a(s) = -s**3 - 26*s**2 - 23*s + 57. Let z be a(-25). What is the greatest common divisor of z and t?
7
Suppose h + 2*h - 27 = 0. Let n = 114 + -111. Let t(f) = 2*f**3 - 3*f**2 + 3*f. Let o be t(n). Calculate the highest common factor of h and o.
9
Suppose y + 5*u - 225 = 0, 12*y - 7*y = -5*u + 1165. Suppose 4*k - 513 = -137. Calculate the highest common factor of y and k.
47
Suppose 6*d - 31 = 41. What is the highest common divisor of 96 and d?
12
Let d be (-8)/6*(3 - 0). Let q be 0/(d + 0 + 3). Suppose -4*o + q*o = 0, 5*l = o + 150. Calculate the highest common factor of l and 330.
30
Suppose -42*n = -29*n - 572. Calculate the greatest common factor of n and 55.
11
Let v = -95 - -108. Suppose 4*a + 0*a - 52 = 0. What is the greatest common factor of a and v?
13
Let m be (-70 + (6 - 5))*1/(-3). Let p be 100/(-1)*(-5 + m/5). Calculate the greatest common factor of 5 and p.
5
Suppose 2*v = 2*d + 1490, 0 = -5*d + 5 - 30. What is the greatest common divisor of v and 20?
20
Let k be (-4)/(2 - 10)*0. Suppose 3*r - 6*r = k. Let t be (-3 - -7) + -2 - r. Calculate the greatest common factor of 3 and t.
1
Suppose -f = -173*z + 169*z + 35, -2*z + 3*f = -5. What is the greatest common divisor of z and 190?
10
Let k(c) = 3 + 2 - 3*c**2 - 4 - 2 - 2*c. Let m be k(-2). Let n be (m + 7)*1/(-2). What is the greatest common factor of 11 and n?
1
Let y(m) = 7*m + 22. Let h be y(-3). Let p be h*-1 + 25 + -23. What is the highest common divisor of 12 and p?
1
Let o(v) = 4*v**3 + 3*v**2 - 3*v + 4. Let k(q) = -2*q - 2. Let x be k(-2). Let s be o(x). What is the highest common factor of 294 and s?
42
Let z(r) = r**3 - 2*r. Let x be z(2). Suppose 40 + x = 4*d. Suppose -28 = -3*v + d. What is the greatest common factor of v and 65?
13
Suppose 39 = 10*r - 9*r. Suppose 3*c = 4*v - v + 15, 2*v = -5*c + r. Let d(n) = 3*n**2 - 2*n - 1. Let g be d(2). Calculate the highest common factor of c and g.
7
Let b be (163/163)/(-1*(-2)/20). Calculate the highest common divisor of b and 1170.
10
Let m = -206 + 225. Calculate the highest common factor of m and 76.
19
Suppose -3*k - 5*j = 2*k - 1865, -376 = -k + 2*j. Calculate the greatest common divisor of 22 and k.
22
Let h(l) = -l**3 - 11*l**2 + 32*l + 86. Let b be h(-13). What is the highest common factor of b and 128?
8
Let d = 174 - 141. What is the highest common divisor of 297 and d?
33
Suppose -2*m + 21 - 13 = 0. Let a(r) = -3*r + 5. Let y be a(-3). What is the greatest common factor of m and y?
2
Let y(d) = d**2 - 5*d - 6. Let f be -3 + 0*1/(-2). Let b be y(f). Calculate the highest common factor of b and 45.
9
Suppose -3*y + 4*d - 448 = 0, -d + 465 - 158 = -2*y. Let s = y + 157. What is the greatest common factor of 9 and s?
1
Let c be ((-162)/(-2))/3 - (0 - 2). Suppose 0 = -5*o + 31 + c. What is the greatest common divisor of 60 and o?
12
Suppose -3*a + 0*a = -669. Suppose -337 - a = -5*z. Let g(u) = 5*u - 11. Let q be g(5). What is the greatest common factor of z and q?
14
Let v(a) = 2*a**3 - 6*a**2 + 6*a + 9. Let f be v(6). Calculate the highest common divisor of 348 and f.
87
Let w be 11/(66/(-24))*(-6)/2. What is the highest common factor of 36 and w?
12
Suppose 0 = -8*s - 15*s + 14950. What is the greatest common divisor of s and 52?
26
Let r be (1*(2 - 16))/1. Let p(z) = z**3 + 15*z**2 + 13*z - 11. Let w be p(r). Let s be (w - 4)*-4 + 4. Calculate the greatest common divisor of s and 20.
4
Let s(f) = -f**3 + 7*f**2 + 3*f - 16. Let g be s(7). Suppose 0*d + d + g*h - 40 = 0, -h + 28 = d. What is the greatest common divisor of d and 5?
5
Let a(q) = q**2 - 5*q - 644. Let m be a(-26). What is the highest common divisor of m and 6?
6
Let o = 12 + -6. Let w(m) = m**2 - m - 28. Let c be w(-5). Suppose -c*s = -a - 17, -o*a = -s - 2*a - 2. What is the greatest common factor of 1 and s?
1
Let x(h) = 5*h**2 - 10*h + 11. Let k be x(5). Suppose 129 = p - 0*p. Calculate the highest common divisor of k and p.
43
Suppose 2*q - 7*q + r + 69 = 0, 32 = 2*q + 4*r. Let t(a) = -a**3 + 14*a**2 + a - 6. Let b be t(q). Calculate the greatest common factor of 64 and b.
8
Let t = 283 - 269. Let g(u) be the first derivative of -u**4/2 + u**3/3 - 3*u**2/2 - 2*u + 1. Let k be g(-3). What is the highest common factor of k and t?
14
Let c be (-10)/40 + (-97)/(-4). Let d be (-1 - -5)*(-15)/c*-16. What is the highest common factor of d and 16?
8
Suppose -7*i - 3*v = -5*i - 566, 5*v = 3*i - 868. Let r = i + 20. Calculate the greatest common factor of r and 34.
34
Let z be 6*225/(-100)*(0 - 2). Calculate the highest common divisor of z and 549.
9
Let u(m) = -m**2 - 13*m - 15. Let t be u(-11). Suppose 0 = -5*s - f + t, 11 = 3*s - f + 2. Calculate the greatest common factor of s and 22.
2
Let r(h) = 6*h + 39. Let g be r(21). What is the greatest common divisor of g and 60?
15
Let d = 104 + -89. Calculate the greatest common divisor of d and 75.
15
Let h be 6/10 - 23598/(-270). Calculate the highest common divisor of 748 and h.
44
Suppose 81 = f + 3*s - 63, 4*s + 16 = 0. What is the greatest common divisor of 96 and f?
12
Let y = 960 - 929. What is the greatest common factor of 899 and y?
31
Suppose 3*z - 5 = 7. Let b(v) = 2 - 19*v**3 - 13*v**3 - 1 + v. Let f be b(-1). Calculate the greatest common factor of f and z.
4
Suppose -5*b + 21 + 109 = 0. Let a(c) = -2*c - 3*c + 7 + 14*c. Let m be a(5). Calculate the highest common divisor of m and b.
26
Let q(c) = -113*c - 271. Let j be q(-3). Let y = 41 + 129. What is the greatest common divisor of y and j?
34
Suppose -29*u + 33*u = 0. Let p(d) = d**3 + 2*d + 2 - 7 + u - 8*d**2 + 0. Let q be p(8). What is the greatest common divisor of 33 and q?
11
Suppose -2*u = 3*v - 181, -4*u + v + 407 = 10. Calculate the greatest common factor of u and 378.
14
Let v = 167 - 161. What is the greatest common factor of 30 and v?
6
Let s be 21/(-2)*(-5 - 13). Suppose -s = 3*k - 6*k. What is the greatest common factor of 7 and k?
7
Let q be 42/5 + 6/(-15). Let c(s) = -s**3 + 7*s**2 + 8*s + 1. Let d be c(q). Let k be (-3)/(-3 + d - 1). Calculate the highest common factor of 5 and k.
1
Suppose 5*n - 22 = -7. Suppose 0 = -n*p + 2*l - 7 + 14, -2*p + 4*l + 2 = 0. What is the greatest common factor of p and 12?
3
Let s = 23 - 32. Suppose t - 5*t + 100 = 0. Let q = s + t. Calculate the greatest common divisor of 48 and q.
16
Suppose -810 = -440*z + 431*z. Calculate the highest common factor of 1530 and z.
90
Let m be 8304/276 + 2/(-23). Calculate the highest common factor of 830 and m.
10
Let v = -205 - -349. What is the highest common factor of 16 and v?
16
Let v be (4 - (-22)/(-6))/(4/924). Let a = 3 + 8. Calculate the highest common factor of a and v.
11
Suppose o - 44 = 3*r + 1035, 3*r = 0. What is the highest common factor of o and